{"id":78,"date":"2016-08-18T10:31:48","date_gmt":"2016-08-18T10:31:48","guid":{"rendered":"https:\/\/glonaf.org\/?page_id=78"},"modified":"2024-04-17T11:28:57","modified_gmt":"2024-04-17T11:28:57","slug":"about","status":"publish","type":"page","link":"https:\/\/glonaf.org\/","title":{"rendered":"Global Naturalized Alien Flora"},"content":{"rendered":"<script type='text\/javascript' src='https:\/\/d1bxh8uas1mnw7.cloudfront.net\/assets\/embed.js'><\/script>\n<figure class=\"wp-block-image size-full is-resized\"><img loading=\"lazy\" src=\"https:\/\/glonaf.org\/wp-content\/uploads\/2021\/10\/glonaf.jpg\" alt=\"\" class=\"wp-image-469\" width=\"606\" height=\"231\"\/><\/figure>\n\n\n\n<p><b>GloNAF (<span lang=\"EN-US\">Global Naturalized Alien Flora<\/span>) is a living database project about naturalized alien plant species and became a synonym for many related projects dealing with all kinds of scientific and policy relevant questions and studies about alien species (also other taxa) and related data (<a href=\"https:\/\/glonaf.org\/index.php\/core-researchers\/\">Contact<\/a>).<\/b><\/p>\n\n\n\n<p><\/p>\n\n\n\n<p><strong><span style=\"color:#77a34c\" class=\"has-inline-color\">Data Overvie<\/span><\/strong>w<\/p>\n\n\n\n<p>The GloNAF database version 1.2 includes 13,939 taxa which accounts for approx. 4% of the extant global flora. Spatially, GloNAF covers 1,029 regions (including 381 islands) including all terrestrial regions of the globe. For an overview of the information covered in GloNAF see Py\u0161ek et al. (2017)<\/p>\n\n\n\n<p>Py\u0161ek P, Pergl J, Essl F, Lenzner B, Dawson W, Kreft H, Weigelt P, Winter M, Kartesz J, Nishino M, Antonova LA, Barcelona JF, Cabezas FJ, C\u00e1rdenas D, C\u00e1rdenas-Toro J, Casta\u00f1o N, Chac\u00f3n E, Chatelain C, Dullinger S, Ebel AL, Figueiredo E, Fuentes N, Genovesi P, Groom QJ, Henderson L, Inderjit, Kupriyanov A, Masciadri S, Maurel N, Meerman J, Morozova O, Moser D, Nickrent D, Nowak PM, Pagad S, Patzelt A, Pelser PB, Seebens H, Shu WS, Thomas J, Velayos M, Weber E, Wieringa JJ, Baptiste MP, Van Kleunen M (2017) Naturalized alien flora of the world: Species diversity, taxonomic and phylogenetic patterns, geographic distribution and global hotspots of plant invasion. Preslia 89: 203\u2013274. <a href=\"https:\/\/doi.org\/10.23855\/preslia.2017.203\" target=\"_blank\" rel=\"noreferrer noopener\"><strong>https:\/\/doi.org\/10.23855\/preslia.2017.203<\/strong><\/a><\/p>\n\n\n\n<p><\/p>\n\n\n\n<p> <strong><span style=\"color: #ff0000;\"><span style=\"color:#77a34c\" class=\"has-inline-color\">Data availability<\/span><\/span><\/strong> <\/p>\n\n\n\n<p>Access to the GloNAF database version 1.2 is possible through the a data paper in Journal of Ecology and the German Centre for Integrative Biodiversity Research (iDiv). The GloNAF data is as well accessible through an online web-application, the &#8220;Atlas of Plant Invasions&#8221;<\/p>\n\n\n\n<p><em><span style=\"text-decoration: underline;\"><strong>Data paper<\/strong><\/span><\/em>: van Kleunen M, Py\u0161ek P, Dawson W, Essl F, Kreft H, Pergl J, Weigelt P, Stein A, Dullinger S, K\u00f6nig C, Lenzner B, Maurel N, Moser D, Seebens H, Kartesz J, Nishino M, Aleksanyan A, Ansong M, Antonova LA, Barcelona JF, Breckle SW, Brundu G, Cabezas FJ, C\u00e1rdenas D, C\u00e1rdenas-Toro J, Casta\u00f1o N, Chac\u00f3n E, Chatelain C, Conn B, de S\u00e1 Dechoum M, Dufour-Dror JM, Ebel AL, Figueiredo E, Fragman-Sapir O, Fuentes N, Groom QJ, Henderson L, Inderjit, Jogan N, Krestov P, Kupriyanov A, Masciadri S, Meerman J, Morozova O, Nickrent D, Nowak A, Patzelt A, Pelser PB, Shu W sheng, Thomas J, Uludag A, Velayos M, Verkhosina A, Villase\u00f1or JL, Weber E, Wieringa JJ, Yazl\u0131k A, Zeddam A, Zykova E, Winter M (2019) The Global Naturalized Alien Flora (GloNAF) database. Ecology 100: 1\u20132. <a href=\"https:\/\/doi.org\/10.1002\/ecy.2542\" target=\"_blank\" rel=\"noreferrer noopener\"><strong>https:\/\/doi.org\/10.1002\/ecy.2542<\/strong><\/a><\/p>\n\n\n\n<p><em><span style=\"text-decoration: underline;\"><strong>Data link via iDiv<\/strong><\/span><\/em>: <a href=\"https:\/\/idata.idiv.de\/DDM\/Data\/ShowData\/257\" target=\"_blank\" rel=\"noreferrer noopener\">https:\/\/idata.idiv.de\/DDM\/Data\/ShowData\/257<\/a><\/p>\n\n\n\n<p><strong><span style=\"text-decoration: underline;\"><em>Atlas of Plant Invasions<\/em><\/span><\/strong>: <a href=\"https:\/\/sebastian-ch.github.io\/glonafAtlas\/\" target=\"_blank\" rel=\"noreferrer noopener\">https:\/\/sebastian-ch.github.io\/glonafAtlas\/<\/a><\/p>\n\n\n\n<p><\/p>\n\n\n\n<p><span style=\"color:#77a34c\" class=\"has-inline-color\">  <\/span><strong><span style=\"color: #ff0000;\"><span style=\"color:#77a34c\" class=\"has-inline-color\">GloNAF &#8211; a living database<\/span><\/span><\/strong><\/p>\n\n\n\n<p>GloNAF is a dynamic database that is constantly updated and expanded. This includes the quality control of already included datasets, as well as the addition of new datasets and closing of existing data gaps.<\/p>\n\n\n\n<p>We thus encourage experts to check the data included in GloNAF to identify potential mistakes of missing taxa. Additionally, we encourage people to contribute new data that extend existing regional species lists or close current gaps.<\/p>\n\n\n\n<p><span style=\"color:#a60507\" class=\"has-inline-color\"><strong>If you would like to contribute data to GloNAF please contact any member of the core team <a href=\"https:\/\/glonaf.org\/index.php\/core-researchers\/\">Contact<\/a>.<\/strong><\/span><\/p>\n\n\n\n<p><\/p>\n\n\n\n<p> <span style=\"color:#77a34c\" class=\"has-inline-color\">  <\/span><strong><span style=\"color: #ff0000;\"><span style=\"color:#77a34c\" class=\"has-inline-color\">How to cite GloNAF<\/span><\/span><\/strong><\/p>\n\n\n\n<p><strong>When using GloNAF data in your publication, we request that you cite the data paper:<br><\/strong>van Kleunen M, Py\u0161ek P, Dawson W, Essl F, Kreft H, Pergl J, Weigelt P, Stein A, Dullinger S, K\u00f6nig C, Lenzner B, Maurel N, Moser D, Seebens H, Kartesz J, Nishino M, Aleksanyan A, Ansong M, Antonova LA, Barcelona JF, Breckle SW, Brundu G, Cabezas FJ, C\u00e1rdenas D, C\u00e1rdenas-Toro J, Casta\u00f1o N, Chac\u00f3n E, Chatelain C, Conn B, de S\u00e1 Dechoum M, Dufour-Dror JM, Ebel AL, Figueiredo E, Fragman-Sapir O, Fuentes N, Groom QJ, Henderson L, Inderjit, Jogan N, Krestov P, Kupriyanov A, Masciadri S, Meerman J, Morozova O, Nickrent D, Nowak A, Patzelt A, Pelser PB, Shu W sheng, Thomas J, Uludag A, Velayos M, Verkhosina A, Villase\u00f1or JL, Weber E, Wieringa JJ, Yazl\u0131k A, Zeddam A, Zykova E, Winter M (2019) The Global Naturalized Alien Flora (GloNAF) database. Ecology 100: 1\u20132. <a rel=\"noreferrer noopener\" href=\"https:\/\/doi.org\/10.1002\/ecy.2542\" target=\"_blank\"><strong>https:\/\/doi.org\/10.1002\/ecy.2542<\/strong><\/a> <\/p>\n\n\n\n<p><strong>If GloNAF is a major part of the data analyzed in your study, you should consider inviting the GloNAF core team as collaborators.<br>If you plan to use the GloNAF dataset, we encourage you to contact the GloNAF core team to check whether there have been recent updates of the dataset, and whether similar analyses are already ongoing to avoid redundant efforts (<a href=\"https:\/\/glonaf.org\/index.php\/core-researchers\/\">Contact<\/a>).<\/strong><\/p>\n","protected":false},"excerpt":{"rendered":"<p>GloNAF (Global Naturalized Alien Flora) is a living database project about naturalized alien plant species and became a synonym for many related projects dealing with all kinds of scientific and policy relevant questions and studies about alien species (also other taxa) and related data (Contact). Data Overview The GloNAF database version 1.2 includes 13,939 taxa &hellip; <a href=\"https:\/\/glonaf.org\/\" class=\"more-link\">Continue reading <span class=\"screen-reader-text\">Global Naturalized Alien Flora<\/span><\/a><\/p>\n","protected":false},"author":1,"featured_media":0,"parent":0,"menu_order":0,"comment_status":"closed","ping_status":"closed","template":"","meta":[],"_links":{"self":[{"href":"https:\/\/glonaf.org\/index.php\/wp-json\/wp\/v2\/pages\/78"}],"collection":[{"href":"https:\/\/glonaf.org\/index.php\/wp-json\/wp\/v2\/pages"}],"about":[{"href":"https:\/\/glonaf.org\/index.php\/wp-json\/wp\/v2\/types\/page"}],"author":[{"embeddable":true,"href":"https:\/\/glonaf.org\/index.php\/wp-json\/wp\/v2\/users\/1"}],"replies":[{"embeddable":true,"href":"https:\/\/glonaf.org\/index.php\/wp-json\/wp\/v2\/comments?post=78"}],"version-history":[{"count":32,"href":"https:\/\/glonaf.org\/index.php\/wp-json\/wp\/v2\/pages\/78\/revisions"}],"predecessor-version":[{"id":557,"href":"https:\/\/glonaf.org\/index.php\/wp-json\/wp\/v2\/pages\/78\/revisions\/557"}],"wp:attachment":[{"href":"https:\/\/glonaf.org\/index.php\/wp-json\/wp\/v2\/media?parent=78"}],"curies":[{"name":"wp","href":"https:\/\/api.w.org\/{rel}","templated":true}]}}