{"id":63,"date":"2016-08-18T10:31:48","date_gmt":"2016-08-18T10:31:48","guid":{"rendered":"https:\/\/glonaf.org\/?page_id=63"},"modified":"2021-11-03T08:47:25","modified_gmt":"2021-11-03T08:47:25","slug":"projects","status":"publish","type":"page","link":"https:\/\/glonaf.org\/index.php\/projects\/","title":{"rendered":"Related Projects"},"content":{"rendered":"<script type='text\/javascript' src='https:\/\/d1bxh8uas1mnw7.cloudfront.net\/assets\/embed.js'><\/script>\n<p><br>&#8212;&#8211; under development&nbsp;&#8212;&#8211;<\/p>\n\n\n\n<pre class=\"wp-block-preformatted\"><strong>SynHab - Macroecology of Plant Invasions: Global Synthesis across Habitats<\/strong>\n\n<a rel=\"noreferrer noopener\" href=\"https:\/\/www.synhab.com\/\" target=\"_blank\">Homepage<\/a><\/pre>\n\n\n\n<pre class=\"wp-block-preformatted\"><strong>Alien Species First Records<\/strong>\n\nRelevant publications:\n\nSeebens et al. (2021) Projecting the continental accumulation of alien species through to 2050. Global Change Biology 27: 970\u2013982. <a rel=\"noreferrer noopener\" href=\"https:\/\/doi.org\/10.1111\/gcb.15333\" target=\"_blank\">https:\/\/doi.org\/10.1111\/gcb.15333<\/a>\n\nSeebens et al. (2018) Global rise in emerging alien species results from increased accessibility of new source pools. Proceedings of the National Academy of Sciences of the United States of America 115: E2264\u2013E2273. <a rel=\"noreferrer noopener\" href=\"https:\/\/doi.org\/10.1073\/pnas.1719429115\" target=\"_blank\">https:\/\/doi.org\/10.1073\/pnas.1719429115<\/a>\n\nSeebens et al. (2017) No saturation in the accumulation of alien species worldwide. Nature Communications 8: 1\u20139. <a rel=\"noreferrer noopener\" href=\"https:\/\/doi.org\/10.1038\/ncomms14435\" target=\"_blank\">https:\/\/doi.org\/10.1038\/ncomms14435<\/a>\n\n<a rel=\"noreferrer noopener\" href=\"https:\/\/zenodo.org\/record\/3690742\" target=\"_blank\">Database link<\/a><\/pre>\n\n\n\n<pre class=\"wp-block-preformatted\"><strong>Diversity and Biogeography of Alien Amphibians and Reptiles<\/strong>\n\nPublication:\nCapinha et al. (2017) Diversity, biogeography and the global flows of alien amphibians and reptiles. Diversity and Distributions, 23, 1313-1322. doi: <a rel=\"noreferrer noopener\" href=\"https:\/\/doi.org\/10.1111\/ddi.12617\" target=\"_blank\">10.1111\/ddi.12617<\/a><\/pre>\n\n\n\n<pre class=\"wp-block-preformatted\"><strong>Interacting effects of land use and biological invasions on local biodiversity: a global multi-taxon study<\/strong>\n\n<a href=\"https:\/\/cvl.univie.ac.at\/projects\/interacting-effects-of-land-use-and-biological-invasions-on-local-biodiversity-a-global-multi-taxon-study\/\" target=\"_blank\" rel=\"noreferrer noopener\">Homepage<\/a><\/pre>\n\n\n\n<pre class=\"wp-block-preformatted\"><strong>AlienScenarios - Developing and applying scenarios of biological invasions for the 21st century<\/strong>\n\n<a href=\"https:\/\/alien-scenarios.org\" target=\"_blank\" rel=\"noreferrer noopener\">Homepage<\/a><\/pre>\n\n\n\n<pre class=\"wp-block-preformatted\"><strong>ASICS - Invasion Risk on sub-Antarctic islands<\/strong><\/pre>\n\n\n<p>Global hotspots of alien species across taxonomic groups &#8211; Dawson et al.<\/p>\n<p>Alien flora of the World \u2013 Py\u0161ek et al.<\/p>\n<p>Alien flora of India \u2013 Inderjit et al.<\/p>\n<p>Distribution modelling Australia \u2013 Robeck et al.<\/p>\n<p>Mycorrhizae \u2013 Py\u0161ek, Moora et al.<\/p>\n<p>Naturalization subantarctic island \u2013 Steyn et al.<\/p>\n<p>Phylogenetic aspects of global invasions \u2013 Lenzner, Essl, Magall\u00f3n, Winter et al.<\/p>\n<p>PREDICTS and aliens \u2013 Philips, Winter et al.<\/p>\n<p>Invaders in Russia \u2013 Pergl, Vinogradova et al. (exploring opportunities)<\/p>\n<p>Seed dimorphism \u2013 Fenesi et al.<\/p>\n<p>European habitats as sources of invasion worldwide \u2013 Kalusov\u00e1 et al.<\/p>\n<p>Self-fertilization \u2013 Razhanajatovo et al.<\/p>\n<p>Tall grasses \u2013 Canavan et al.<\/p>\n<p>Role of climatic velocity in global naturalizations \u2013 \u0160\u00edmov\u00e1, Py\u0161ek et al.<\/p>\n<p>Future naturalization potential of the European Garden Flora &#8211; Emily Haeuser et al.<\/p>\n<p>Naturalization potential of plants in the public and private gardens of a local communitiy &#8211; Katharina Mayer et al.<\/p>\n<p>Island biogeography &#8211; Moser, Lenzner et al.<\/p>\n<p><a href=\"http:\/\/www.idiv.de\/splot\">sPlot<\/a> &amp; GloNAF &#8211; Knight, van der Sande, Winter et al.<\/p>\n<p><\/p>","protected":false},"excerpt":{"rendered":"<p>&#8212;&#8211; under development&nbsp;&#8212;&#8211; SynHab &#8211; Macroecology of Plant Invasions: Global Synthesis across Habitats Homepage Alien Species First Records Relevant publications: Seebens et al. (2021) Projecting the continental accumulation of alien species through to 2050. Global Change Biology 27: 970\u2013982. https:\/\/doi.org\/10.1111\/gcb.15333 Seebens et al. (2018) Global rise in emerging alien species results from increased accessibility of &hellip; <a href=\"https:\/\/glonaf.org\/index.php\/projects\/\" class=\"more-link\">Continue reading <span class=\"screen-reader-text\">Related Projects<\/span><\/a><\/p>\n","protected":false},"author":1,"featured_media":0,"parent":0,"menu_order":0,"comment_status":"closed","ping_status":"closed","template":"","meta":[],"_links":{"self":[{"href":"https:\/\/glonaf.org\/index.php\/wp-json\/wp\/v2\/pages\/63"}],"collection":[{"href":"https:\/\/glonaf.org\/index.php\/wp-json\/wp\/v2\/pages"}],"about":[{"href":"https:\/\/glonaf.org\/index.php\/wp-json\/wp\/v2\/types\/page"}],"author":[{"embeddable":true,"href":"https:\/\/glonaf.org\/index.php\/wp-json\/wp\/v2\/users\/1"}],"replies":[{"embeddable":true,"href":"https:\/\/glonaf.org\/index.php\/wp-json\/wp\/v2\/comments?post=63"}],"version-history":[{"count":9,"href":"https:\/\/glonaf.org\/index.php\/wp-json\/wp\/v2\/pages\/63\/revisions"}],"predecessor-version":[{"id":516,"href":"https:\/\/glonaf.org\/index.php\/wp-json\/wp\/v2\/pages\/63\/revisions\/516"}],"wp:attachment":[{"href":"https:\/\/glonaf.org\/index.php\/wp-json\/wp\/v2\/media?parent=63"}],"curies":[{"name":"wp","href":"https:\/\/api.w.org\/{rel}","templated":true}]}}